{"id":19,"date":"2014-01-30T18:13:01","date_gmt":"2014-01-30T16:13:01","guid":{"rendered":"http:\/\/tsv-germania-hohenlimburg-reh-1894-e-v.online.de\/TSVneu\/?page_id=19"},"modified":"2014-01-31T15:15:13","modified_gmt":"2014-01-31T13:15:13","slug":"handball","status":"publish","type":"page","link":"https:\/\/www.tsv-reh.de\/?page_id=19","title":{"rendered":"Handball"},"content":{"rendered":"<p><a href=\"https:\/\/i0.wp.com\/tsv-germania-hohenlimburg-reh-1894-e-v.online.de\/TSVneu\/wp-content\/uploads\/2014\/01\/HandballWappenSchriftzug.png\"><img data-recalc-dims=\"1\" loading=\"lazy\" decoding=\"async\" class=\"alignnone size-medium wp-image-98\" alt=\"HandballWappenSchriftzug\" src=\"https:\/\/i0.wp.com\/tsv-germania-hohenlimburg-reh-1894-e-v.online.de\/TSVneu\/wp-content\/uploads\/2014\/01\/HandballWappenSchriftzug-300x90.png?resize=300%2C90\" width=\"300\" height=\"90\" srcset=\"https:\/\/i0.wp.com\/www.tsv-reh.de\/wp-content\/uploads\/2014\/01\/HandballWappenSchriftzug.png?resize=300%2C90&amp;ssl=1 300w, https:\/\/i0.wp.com\/www.tsv-reh.de\/wp-content\/uploads\/2014\/01\/HandballWappenSchriftzug.png?w=882&amp;ssl=1 882w\" sizes=\"auto, (max-width: 300px) 100vw, 300px\" \/><\/a><\/p>\n<p><img data-recalc-dims=\"1\" loading=\"lazy\" decoding=\"async\" id=\"Bild20\" title=\"Handball im TSV Germania Hohenlimburg Reh\" alt=\"Handball im TSV Germania Hohenlimburg Reh\" src=\"https:\/\/i0.wp.com\/tsv-germania-hohenlimburg-reh-1894-e-v.online.de\/TSV_alt\/bilder\/handball_foto2.jpg?resize=519%2C250\" width=\"519\" height=\"250\" align=\"bottom\" border=\"0\" hspace=\"0\" vspace=\"0\" \/><\/p>\n<p>Die Handballabteilung des TSV kann auf eine lange und erfolgreiche Zeit zur\u00fcckblicken. Diese begann schon mit dem Feldhandball, wo in der Saison 1964\/1965 der Aufstieg in die S\u00fcdwestfalenliga geschafft werden konnte. Auch sp\u00e4ter im Hallenhandball pr\u00e4sentierte der TSV in Hohenlimburg immer leistungsorientierten Handball, so spielte man von 1983 bis 1994 (mit dreij\u00e4hriger Unterbrechung) in der Landesliga, wo man zum 100-j\u00e4hrigen Bestehen des Vereins sogar den Aufstieg in die Verbandsliga schaffte.<\/p>\n<p>Im Jahre 1995 gr\u00fcndete der TSV Germania Reh dann zusammen mit dem TuS Oege die Handball-Spiel-Gemeinschaft &#8222;<a href=\"http:\/\/www.hsghohenlimburg.de\" target=\"_blank\">HSG Hohenlimburg<\/a>&#8222;, um der demographischen Entwicklung entgegen zu treten und um die Qualit\u00e4t des Handballsports in Hohenlimburg weiter aufrecht zu erhalten.<\/p>\n<p><img data-recalc-dims=\"1\" loading=\"lazy\" decoding=\"async\" id=\"Bild26\" alt=\"\" src=\"https:\/\/i0.wp.com\/tsv-germania-hohenlimburg-reh-1894-e-v.online.de\/TSV_alt\/bilder\/rth.jpg?resize=240%2C192\" width=\"240\" height=\"192\" align=\"left\" border=\"0\" hspace=\"0\" vspace=\"0\" \/>2004 wurde die Jugend aus der HSG Hohenlimburg ausgegliedert, da der TSV zusammen mit drei weiteren Vereinen an der Lenne die Jugend-Spiel-Gemeinschaft &#8222;JSG TuRa-Halden-Hohenlimburg&#8220; gr\u00fcndete.<br \/>\nIm Jahre 2011 wurde die JSG nach 7 erfolgreichen Jahren einvernehmlich aufgel\u00f6st. Die Reher Jugend spielt nun wieder unter der HSG Hohenlimburg.<\/p>\n<p>Gespielt wird in der neu renovierten <a href=\"http:\/\/www.rundturnhalle.de\" target=\"_blank\">Rundturnhalle<\/a> in Hohenlimburg Elsey .<\/p>\n<p>&nbsp;<\/p>\n<p>&nbsp;<\/p>\n<p>Wer an einem Probetraining in der Jugend interessiert ist kann gerne einfach beim Training vorbei schauen oder meldet sich beim <a href=\"mailto: ju&#103;&#101;&#x6e;&#x64;&#x40;&#x68;sg&#45;&#104;&#x6c;&#x62;&#x67;&#x2e;de\" target=\"_blank\">Jugendvorstand.<br \/>\n<\/a>Weitere Informationen zur Jugend findest du auf der Homepage der <a href=\"http:\/\/handball.tsv-reh.de\" target=\"_blank\">HSG Hohenlimburg<\/a>.<\/p>\n","protected":false},"excerpt":{"rendered":"<p>Die Handballabteilung des TSV kann auf eine lange und erfolgreiche Zeit zur\u00fcckblicken. Diese begann schon mit dem Feldhandball, wo in der Saison 1964\/1965 der Aufstieg in die S\u00fcdwestfalenliga geschafft werden konnte. Auch sp\u00e4ter im&#46;&#46;&#46;<\/p>\n","protected":false},"author":1,"featured_media":0,"parent":0,"menu_order":0,"comment_status":"open","ping_status":"open","template":"","meta":{"footnotes":""},"class_list":["post-19","page","type-page","status-publish","hentry"],"jetpack_shortlink":"https:\/\/wp.me\/P8WhUB-j","jetpack_sharing_enabled":true,"_links":{"self":[{"href":"https:\/\/www.tsv-reh.de\/index.php?rest_route=\/wp\/v2\/pages\/19","targetHints":{"allow":["GET"]}}],"collection":[{"href":"https:\/\/www.tsv-reh.de\/index.php?rest_route=\/wp\/v2\/pages"}],"about":[{"href":"https:\/\/www.tsv-reh.de\/index.php?rest_route=\/wp\/v2\/types\/page"}],"author":[{"embeddable":true,"href":"https:\/\/www.tsv-reh.de\/index.php?rest_route=\/wp\/v2\/users\/1"}],"replies":[{"embeddable":true,"href":"https:\/\/www.tsv-reh.de\/index.php?rest_route=%2Fwp%2Fv2%2Fcomments&post=19"}],"version-history":[{"count":6,"href":"https:\/\/www.tsv-reh.de\/index.php?rest_route=\/wp\/v2\/pages\/19\/revisions"}],"predecessor-version":[{"id":97,"href":"https:\/\/www.tsv-reh.de\/index.php?rest_route=\/wp\/v2\/pages\/19\/revisions\/97"}],"wp:attachment":[{"href":"https:\/\/www.tsv-reh.de\/index.php?rest_route=%2Fwp%2Fv2%2Fmedia&parent=19"}],"curies":[{"name":"wp","href":"https:\/\/api.w.org\/{rel}","templated":true}]}}